32*x. Suppose 6 = b + 2*f - 1, 3*f - 4 = 5*b. Let q be g(b). Suppose 0 = 4*l - 0 - q. List the prime factors of l.
2
Let g = 632 - 21. What are the prime factors of g?
13, 47
Let t be 2 + (1 - 3) - 4. Let h(j) = j**2 + j. Let o(n) = 2*n**2 - 2*n - 4. Let u(v) = 5*h(v) - o(v). List the prime factors of u(t).
2, 3
Let b be 5/((-15)/9) + 10 + -2. Suppose -p - 16 = -2*p - b*i, -i + 62 = 3*p. What are the prime factors of p?
3, 7
Suppose -16*f + 7561 + 34055 = 0. List the prime factors of f.
3, 17
Let h = -691 + 1211. What are the prime factors of h?
2, 5, 13
What are the prime factors of ((-1122)/(-132))/(2/72)?
2, 3, 17
Suppose -64*b + 48*b = -12976. What are the prime factors of b?
811
Let b(c) = -6*c - 4. Let k be b(-4). Let l(s) = -s**3 - s**2 - s - 1. Let d be l(-1). Let i = k - d. List the prime factors of i.
2, 5
Let s = 85 - 51. Suppose a + 5*z = 113, 2*a + s = 4*z + 274. What are the prime factors of a?
2, 59
Let l be 324/(-60) - (-3)/(-5). List the prime factors of l/(-8) + (-625)/(-20).
2
Let v(x) = 5*x**3 - 4*x**2 + 17*x + 8. Let f(m) = -14*m**3 + 13*m**2 - 50*m - 25. Let t(a) = 6*f(a) + 17*v(a). What are the prime factors of t(-10)?
2, 3
Let k = 35 + 230. List the prime factors of k.
5, 53
Let a(o) = 6*o + 136. Let q be a(-22). Suppose -f = 3*f - 512. Suppose q*y = -12 + f. What are the prime factors of y?
29
Suppose -1 = 5*g + 9. Let o be (3026 - g)/(-4) - -2. List the prime factors of o/(-35) - 8/14.
3, 7
Suppose 12*g + g = 14157. List the prime factors of g.
3, 11
Let k = 13 - 9. Let t be (-6 + k)*(-21)/(-6). Let u = t - -10. What are the prime factors of u?
3
Suppose 2*x - 252 = 2*t, 7*x - 2*t - 494 = 3*x. What are the prime factors of x?
11
Let u be ((-2)/(-5))/(2/10). Suppose -5*j = 4*r - 13, 3*r + j + 1 = 4*r. Suppose u*w - 2 = -4*f, -f = -r*w - 2*w + 22. List the prime factors of w.
5
Let w(m) be the third derivative of -m**5/30 - m**4/12 + 21*m**3/2 + 10*m**2. List the prime factors of w(0).
3, 7
Let q be 2/((-8)/(-836)) + 1. Suppose 0 = 4*p + 34 - q. Let n = p + 3. List the prime factors of n.
47
Let u = 31 - 22. List the prime factors of ((-12)/(-7))/(u/378).
2, 3
Let g(n) = -n**2 - 10*n - 9. Let v be g(-9). Suppose 4*b - 3*q - 84 = v, -5*b + 82 = -q - 12. Let i = -10 + b. List the prime factors of i.
2
Suppose 31 = 4*y + 5*d, -4*y + 2*d = -12 + 2. Suppose y*v - 4 = 2*v. Suppose 1 - 3 = 2*f - 5*z, -v*f - 4*z = -34. What are the prime factors of f?
3
Let q = 9 - -9. Let l be (12/9 - 2)*q. What are the prime factors of 2/l + 1089/54?
2, 5
Let x(m) = 25*m + 16. Let q be x(-10). Let d be 4/14 - q/14. Suppose 0 = -k + 1 + d. List the prime factors of k.
2, 3
Suppose -3*j - 29 - 34 = 0. Let q = j - -44. List the prime factors of q.
23
Suppose 4*o - 6*o + 2*y + 2140 = 0, -3*y + 4280 = 4*o. List the prime factors of o.
2, 5, 107
Let m(s) = -s**2 - 6*s + 1. Let i be m(-5). Let p(b) = 5*b + 9. Let q be p(19). Suppose -i*f + q = -16. List the prime factors of f.
2, 5
Suppose 3*i - 2*c = 5*i - 48, -5*c = 4*i - 101. Suppose 13*j - 8*j + 5*h = -65, 3*j + 4*h + 38 = 0. Let z = i + j. What are the prime factors of z?
5
Let w(l) = -l**3 + 12*l**2 - 13*l. Let c = -33 + 43. What are the prime factors of w(c)?
2, 5, 7
What are the prime factors of 1223127/623 + 4/(-14)?
13, 151
Let x be (12/(-9) - -1)*12*-1. Let w(r) = 12*r**2 - 3*r + 9. What are the prime factors of w(x)?
3, 7
What are the prime factors of -5 - -247*(7 - 6)?
2, 11
Let h(j) = 200*j - 120. What are the prime factors of h(10)?
2, 5, 47
Suppose 5*l + 2 = -73. Let c = l + 30. List the prime factors of c.
3, 5
Let a(v) = 32*v - 20. Let p be a(7). Let i = 265 + -126. Let f = p - i. List the prime factors of f.
5, 13
Suppose 2*z - 3*a = -44 - 299, -a = 5. Let r = -118 - z. What are the prime factors of r?
61
Suppose 0 = 22*h - 26*h + 64. Let l(n) = -n**3 + 5*n**2 - 4*n - 1. Let r be l(3). Suppose -x = -r*x + h. List the prime factors of x.
2
List the prime factors of (-36)/630 - (-144)/70.
2
Let l(y) = 36*y - 42. List the prime factors of l(14).
2, 3, 7, 11
Let z(l) = -15*l + 4. Let n(j) = -j**2 + 16*j - 4. Let y(b) = -3*n(b) - 4*z(b). What are the prime factors of y(-9)?
131
Let k be ((-2)/3)/(18/(-3213)). Let h = 218 - k. List the prime factors of h.
3, 11
Let i = -82 + 48. Let z = i + 83. Suppose -2*j = -5*u + 3*j + 55, -5*j = -4*u + z. What are the prime factors of u?
2, 3
Let c(f) = -126*f + 32. What are the prime factors of c(-3)?
2, 5, 41
Let l(j) = -12*j + 43. Let y be l(-22). Suppose -5*b + 617 = -b - 5*i, y = 2*b - 3*i. What are the prime factors of b?
2, 79
Suppose g = 3*j + 514, 2*g - 545 = -5*j + 505. List the prime factors of g.
2, 5, 13
Let p(t) = t**2 + 4*t - 6. Let g be p(-7). Suppose -4*z = g - 163. What are the prime factors of z?
37
Let z = 40 + -10. Let h be 2/(-6) + 10/z. Suppose -5*g + h*b = -b - 214, -3*g + b = -128. What are the prime factors of g?
43
Let i = -38 + 19. Let h = 58 + i. What are the prime factors of h?
3, 13
What are the prime factors of -578*(85/(-10) - -8)?
17
Suppose -2 = -4*c + 18. Suppose 4*k - 33 = -a, -4*a - c*k = -4*k - 87. What are the prime factors of a?
3, 7
Let x(w) = 1248*w - 49. What are the prime factors of x(1)?
11, 109
Let w(m) = 596*m - 170. What are the prime factors of w(6)?
2, 13, 131
List the prime factors of (((-129)/6)/1)/((-2)/4).
43
Suppose 33*p - 37*p = 28. Let o(y) = -2*y**3 - 8*y**2 - y + 5. Let r be o(p). What are the prime factors of (-22)/209 + r/19?
2
Let l(f) = -f**2 - 15*f + 10. Let u be l(-9). Suppose -5*j - u = -w - j, j + 415 = 5*w. What are the prime factors of w?
2, 3, 7
Suppose -j + 5*l - 17 = 0, 0*j = 2*j + 3*l + 21. What are the prime factors of j + 9 + (-98)/(-2)?
2, 23
Let u = 96 + 39. Suppose -u - 26 = -j. What are the prime factors of j?
7, 23
Let j(h) = 4*h**3 - 11*h**2 - h + 100. List the prime factors of j(11).
2, 13, 157
Suppose 0 = 7*m - 2942 + 744. What are the prime factors of m?
2, 157
Let g = 64 - 45. Let f = -8 + g. What are the prime factors of f?
11
Suppose -3*m + 11 = -3*o + 2*o, -5*m + 21 = o. Let p(v) be the first derivative of -v**4/4 + 4*v**3/3 + 2*v**2 - 5*v + 2. List the prime factors of p(m).
11
Let y = -35 + 37. Suppose 0 = 4*k + 2*n - 202, 2*k = -y*k + 3*n + 227. What are the prime factors of k?
53
Let r = -1976 - -4606. List the prime factors of r.
2, 5, 263
Suppose -3 - 2 = -5*w. Let t = 2 - w. List the prime factors of 1/(t/39*3).
13
Let z be (6 - 8)*(-1 + 2). Let j be 11/z*2*-1. Suppose r - 17 - j = 0. List the prime factors of r.
2, 7
Let u(f) = 106*f + 25. What are the prime factors of u(5)?
3, 5, 37
Let l be (-9)/(-12) + (-2811)/(-12)*1. Let q = -92 + l. List the prime factors of q.
11, 13
Suppose -4*b - 3482 = -8*b - 5*o, -4*b - 2*o + 3476 = 0. List the prime factors of b.
2, 7, 31
Suppose 0 = -2*w + 5*r - 50, 5*r + 33 = -2*w + 3. Suppose -280 = 4*v - 0*v. Let j = w - v. What are the prime factors of j?
2, 5
Suppose 3*p - p = 58. Let d be p - (-1 + 0/(-1)). Suppose y - 5*h = 38 - 5, 0 = -y + 4*h + d. List the prime factors of y.
2, 3
List the prime factors of -1235*(-6 - 162/(-30)).
3, 13, 19
Let w(b) = 16*b + 11*b**2 + b**2 - 9*b - 5*b. What are the prime factors of w(-1)?
2, 5
Let n(z) = -11*z + 60. Let x be n(6). Let w(b) = 6*b + 52. What are the prime factors of w(x)?
2
Suppose 5 = -3*g + 2*k - 0, -2*g = -5*k + 7. List the prime factors of ((-53)/(-2))/(g/(-2)).
53
Suppose 8*l + 170 - 530 = 0. List the prime factors of l.
3, 5
Let s(o) = -o**3 + 5*o**2 + 5*o - 4. Let c = -32 + 48. Suppose -c = -5*j + 9. What are the prime factors of s(j)?
3, 7
Let a = -147 + 161. Suppose 0 = -4*y - 14 - 10. Let q = a + y. List the prime factors of q.
2
Suppose -v - 1105 = -c, 2*c + 38 - 2248 = -3*v. What are the prime factors of c?
5, 13, 17
Let u = -237 - -296. List the prime factors of u.
59
Let j be (2 - (3 - 2))/((-3)/(-9)). What are the prime factors of (-3 + (j - -67))*2?
2, 67
Suppose 0 = 4*x - 0 + 4. Let p(y) = -36*y - 7. Let m(f) = f + 1. Let r(g) = x*p(g) - 6*m(g). What are the prime factors of r(1)?
31
Let a(o) = 3*o**2 + 4*o + 1. Let q be a(-2). Suppose q*h + 327 = 1012. What are the prime factors of h?
137
List the prime factors of 1027/((-198)/(-540) - (-3)/(-18)).
5, 13, 79
Let j(g) = 3*g**3 - 11*g**2 + 35*g + 8. What are the prime factors of j(8)?
2, 5, 7
Let k